**6/120 + q**5/15 - q**4/3 - q**3/2 - q**2. Suppose 35*g = g + 1598. What is the remainder when g is divided by j(-5)?
11
Let t = -1020 - -1030. Calculate the remainder when 119 is divided by t.
9
Let m(g) = 2*g**3 + 7*g**2 - 4*g + 10. Let d be m(-5). Calculate the remainder when 22 is divided by 4/((-24)/d) + (-4)/(-8).
6
Suppose -5*h + 16 = -44. Let v = -178 + 314. Suppose 3*z - v = -z. What is the remainder when z is divided by h?
10
Let j(s) = -s + 18. Suppose 0 = 3*u - 9 + 3, -17 = -n + 4*u. What is the remainder when 215/n + 2/5 is divided by j(14)?
1
Let k(w) = w**3 + 12*w**2 + w - 14. Let o be k(-12). Calculate the remainder when 4/o + (-1800)/(-39) is divided by 12.
10
Let m be (-6)/(((-12)/(-27))/2). Calculate the remainder when ((-110)/15)/(3/m) is divided by 23.
20
Let m = -940 + 986. What is the remainder when 103 is divided by m?
11
Let v = -2 + 1. What is the remainder when 9 - v*(7 + -4) is divided by 5?
2
Suppose 2 = -2*a, p = -a - 2*a + 42. What is the remainder when p is divided by 23?
22
Suppose 0 = 9*s - 14*s. Suppose -u + 5*u + 2*n = -2, -5*u + n + 15 = s. Suppose 5 = 3*d + u, 0 = r + d - 14. What is the remainder when r is divided by 8?
5
Let g = -334 - -360. What is the remainder when 48 is divided by g?
22
Let q(c) = 3*c - 12. Calculate the remainder when q(8) is divided by (-1)/(-4 - 55/(-15)).
0
Let d(g) = g**2 - 5*g - 8. Let c be d(7). Calculate the remainder when ((-54)/c + 5)*(-25)/2 is divided by 17.
16
Suppose y = 2, -4*y = -d - 1 - 2. Suppose 0 = 2*x - 26 + 10. Calculate the remainder when (46/(-10))/(d/(-25)) is divided by x.
7
Let y = -40 + 17. Let q = y - -26. Calculate the remainder when 8 is divided by q.
2
Let q be (6 - -172)/(0 + 2). Suppose 5*d - u - q = 0, -u + 61 = 3*d + 14. Calculate the remainder when 45 is divided by d.
11
Let i(f) = -f**2 - 9*f + 4. Let x be i(-12). Let l = 69 + x. Calculate the remainder when 108 is divided by l.
34
Let o(c) = -c + 6. Let l be o(10). Let i be (10*1)/(l/6). Let t = -14 - i. What is the remainder when 3 is divided by t?
0
Suppose 7*c + 31 = -32. Let l = c + 20. Suppose -5*p = -2*y - 2*y - 188, -4*p = -4*y - 148. Calculate the remainder when p is divided by l.
7
Suppose 0 = -q + 5*l + 33, -16 = -5*q - 2*l + 14. Let s(z) = -z**3 + 9*z**2 + 13. Calculate the remainder when s(q) is divided by 13.
12
Suppose 5*r - 82 = d, -359 + 126 = 4*d - r. Suppose 4*x - 3*n + 2*n = 339, -10 = -2*n. Let t = d + x. Calculate the remainder when t is divided by 8.
5
Let h(k) = 6*k**2 + 12*k + 80. Calculate the remainder when h(-10) is divided by 47.
43
Suppose 2*g = 4*f + 4*g - 34, -2*f + g = -19. Calculate the remainder when 13 is divided by f.
4
Let g = -3 + 12. Suppose -5*i = -5*y - 260, i + 0*i - 3*y = 50. Calculate the remainder when i is divided by g.
8
Calculate the remainder when (-1)/(-7) - (-64764)/441 is divided by 15.
12
Let r = -90 + 133. Let h = 2732 - 2608. Calculate the remainder when h is divided by r.
38
Let u(g) = 5*g + 321. Calculate the remainder when u(10) is divided by 55.
41
Suppose 349 = 4*s - 3*y - 23, s - y - 94 = 0. Suppose 1170 = 76*i - 11*i. Calculate the remainder when (s - 4) + (0 - -2) is divided by i.
16
Let t = -1050 + 1144. What is the remainder when t is divided by 55?
39
Suppose 2*z = 4*z - 3*x, 16 = 2*z + x. Calculate the remainder when 21 - (33/(-22))/(3/(-8)) is divided by z.
5
Let j(h) = h**2 + 4*h - 7. Let i(t) = t + 17. Let s be i(-9). Let c be ((-20)/s + 3)*6. What is the remainder when 53 is divided by j(c)?
11
Let v be (-1 + -4 - -5)*1/2. Let z = 163 - 106. Suppose k - z + 18 = v. Calculate the remainder when k is divided by 10.
9
Suppose -72 = 4*m - 2*q - 0*q, 3*m + 4*q = -65. Let x = m + 20. Suppose -r = -2*a + 35, 0 = a + r - 15 - x. What is the remainder when 48 is divided by a?
14
Let n = 338 - 214. Let b = -906 - -931. What is the remainder when n is divided by b?
24
Calculate the remainder when 69 is divided by 3/8 + (-3654)/(-1008).
1
Suppose -69 = -m + 8. Let d = 38 + -28. Calculate the remainder when m is divided by d.
7
Suppose -4*m + 964 = 4*p, -5*p + 245 = -2*m + 3*m. Suppose 0 = -b + 6*b - m. Let w = 44 - 27. What is the remainder when b is divided by w?
14
Suppose 32*f + 1941 = 8821. Calculate the remainder when f is divided by 36.
35
What is the remainder when 39 is divided by ((0 - 1)/2)/((-95)/6840)?
3
Let i = 9 - 9. Suppose i = 2*d + 6 - 2. What is the remainder when (1 - -6)*(9 + d) is divided by 17?
15
Calculate the remainder when 140 is divided by 356/28 - 22/(-77).
10
Suppose 3*m + 2*j + 1 = -3*j, 2*j = -5*m + 11. Suppose 2*l - 13 - 31 = 0. Calculate the remainder when l is divided by 3 - ((m - 1) + -4).
2
Suppose -121 = -l + 2*s, 3*l - 4*s - 239 = 118. Calculate the remainder when 343 is divided by l.
113
Let r = -13 - -1. Let o(y) = -4*y + 4 - 4*y**2 + 2 - y**3 - 8*y**2 - y. What is the remainder when o(r) is divided by 17?
15
Suppose 2*g - 60 = -2*g + j, -4*j - 48 = -4*g. Let k = -9 + 36. Calculate the remainder when k is divided by 4/1*56/g.
13
Let g = 167 - 40. Suppose 0 = -r - 3*u - 17, -4*r = 4*u + 1 + 27. Calculate the remainder when g is divided by r/(-8) + (-381)/(-12).
31
Suppose -4*k + 3*c = 1 - 9, 4*k + c = 8. Suppose 22 = k*n - 0*n. Let f = -37 - -67. Calculate the remainder when f is divided by n.
8
What is the remainder when 105/(-5)*17*(-3)/9 is divided by 20?
19
Let c = -30 + 119. Suppose 0 = 3*w - 3*t - 30, 5*w - 12 = -5*t + 38. Suppose -r + w + 20 = 0. What is the remainder when c is divided by r?
29
Let d(m) = -5*m - 22. Let o be (-333)/117 - (-4)/(-26). Let g be (-12)/4 + o + -4. What is the remainder when d(g) is divided by 10?
8
Let n(d) = -10*d - 2. Let a be n(-2). What is the remainder when 70 is divided by a/8*(-192)/(-36)?
10
Suppose 5*z + 41 - 146 = 0. What is the remainder when z is divided by 8?
5
Let n(m) = 10*m - 13. Let p(t) = 21*t - 27. Suppose 3*b = -4*b - 35. Let y(c) = b*n(c) + 3*p(c). What is the remainder when y(5) is divided by 10?
9
Let l(s) = -s + 14. Calculate the remainder when 141 is divided by l(-4).
15
Let g(t) = -3*t**2 + 98*t + 53. What is the remainder when 198 is divided by g(33)?
18
Suppose -3*p = -173 + 50. Suppose -z + p = -4*r, z + 5 = -r + 36. Calculate the remainder when z is divided by 18.
15
What is the remainder when (13 + 897)/(-13)*(-1 - 1) is divided by 12?
8
Let f = 246 - 153. Let m(p) = -p + 4. Let v be m(3). What is the remainder when f is divided by 1 + (0 + v - -22)?
21
What is the remainder when 59 is divided by (-1 - 4)*(5 + -1 - 8)?
19
Suppose 0 = 4*i - 2*i. Suppose -2*x + x - 4 = i, u - 4*x = 21. Suppose -4*h = -u*y - 77, 70 = h + 4*h - y. What is the remainder when 36 is divided by h?
10
Suppose 0 = u + 119 - 117. Calculate the remainder when 37 is divided by 25/u*(-100)/125.
7
Let h be -8*(14/(-4))/(-7). Let k(n) = 2*n**2 + 6*n - 6. Calculate the remainder when (-3)/(-9)*129 + h is divided by k(-5).
11
Let k = 3403 + -3387. Let p(x) = -32*x + 3*x - 1 - 35*x. Calculate the remainder when p(-1) is divided by k.
15
Let m(w) = -5*w + 4. Let d be m(-1). Suppose d*l = -2*l + 891. Calculate the remainder when l is divided by 22.
15
Suppose 0*v = 4*v. Let m = 4 + v. What is the remainder when 1 + 104/m + -4 is divided by 13?
10
Let z = -11 + 14. Suppose 3*w - q - 112 = 0, 5*w - q = z*q + 189. Calculate the remainder when w is divided by (-20 - (2 + -2))/(-1).
17
Let b = 8 - -6. Calculate the remainder when b/(-2)*(-108)/42 is divided by (4 - 2)/(2 - 24/14).
4
Suppose 148 = 7*g - 3*g. Suppose -3*f + g = -0*z - z, 0 = f - 5*z - 17. What is the remainder when f is divided by 10?
2
Suppose 4*f - 12 = -4*u, -f + 3 = -0*f. Suppose u = 5*b - 12 - 63. Calculate the remainder when 27 is divided by b.
12
Let h be (-1)/((16/(-18))/(-8)). Let j(r) = -2*r**3 - 21*r**2 - 31*r - 3. What is the remainder when 98 is divided by j(h)?
32
Let b(g) = 2*g**2 + g + 3. Let z = -57 + 59. Let j = -3 + 7. What is the remainder when b(z) is divided by j?
1
Suppose -4*a = -2*i + 24, 7 = i - 7*a + 6*a. Calculate the remainder when 9 is divided by i.
1
Suppose 0*i = 3*i + 96. Let g = i - -71. Suppose -3*o - 18 + g = 0. What is the remainder when 18 is divided by o?
4
Let f(n) = n**2 - 21*n + 41. Let d be f(19). Calculate the remainder when 12*d + (2 - -3) is divided by 21.
20
S